{"id":2912,"date":"2021-03-22T10:40:47","date_gmt":"2021-03-22T09:40:47","guid":{"rendered":"https:\/\/www.arqis.com\/?post_type=subgruppen&#038;p=2912"},"modified":"2026-02-09T11:22:16","modified_gmt":"2026-02-09T10:22:16","slug":"digital-ethic","status":"publish","type":"subgruppen","link":"https:\/\/www.arqis.com\/en\/subgruppen\/digitale-ethik\/","title":{"rendered":"Digital Ethics"},"content":{"rendered":"<div id=\"cmp06-block_7bb45252b20e6e6da798649b58b35c89\" class=\"cmp06 header-intro-text\">\n    <section id=\"header\">\n        <div class=\"container\">\n            <div class=\"row scrollreveal position-relative\">\n                <div class=\"col-12 col-lg-7 col-xl-8\">\n                                        <h1 class=\"title\">Digital Ethics<\/h1>\n                                    <\/div>\n                <div class=\"subnav\" >\n                                        <div class=\"navpoints\">\n                        <div class=\"header\"><a href=\"#header\">Digital Ethics<\/a><\/div>\n                        <div class=\"content\">Themen<\/div>\n                        <div class=\"contents\"><\/div>\n                    <\/div>\n                <\/div>\n            <\/div>\n        <\/div>\n    <\/section>\n<\/div>\n\n    <section class=\"header-intro section-padding\">\n        <div class=\"container\">\n            <div class=\"row scrollreveal\">\n                <div class=\"col-12 offset-lg-1 col-lg-6\">\n                                        <div class=\"description\">\n                        <p>Unforeseen risks are emerging as we move forward into the digital age. Many things that are technically possible are not yet legally regulated or socially acceptable. With our \u2018digital &amp; trusted\u2019 consulting concept we support companies and organisations to safeguard their future viability and ensure compliance. <\/p>\n                    <\/div>\n                <\/div>\n            <\/div>\n        <\/div>\n    <\/section>\n\n\n<div id=\"tni01-block_a0c3bb29dfc54564edc564e559887c3d\" class=\"tni01 toc zierelement-none acf\/tni01 section-img-top\"  data-toctitle=\"Neue Rechtsfragen\">\n    <section>\n        <div class=\"container\">\n            <div class=\"row\">\n                                    <div class=\"col-12 col-lg-6 offset-lg-1 order-last order-lg-first position-relative z-index-1\">\n                        <div class=\"scrollreveal position-relative\">\n                                                                                        <h2 class=\"title\">New legal issues<\/h2>\n                                                        <p class=\"p1\">We advise them on the new legal issues relating to the commercialisation of data in big data, AI robotics and interconnected data structures, and in digital ecosystems such as the European GAIA-X. Who owns the data and who can participate in the commercialisation of data? How is the value of data shown in a company balance sheet? What data-related legal obligations will companies face in the future?<\/p>\n                        <\/div>\n\n                                            <\/div>\n                    <div class=\"col-lg-4 scrollreveal order-first order-lg-last position-relative z-index-2\">\n                        <img loading=\"lazy\" decoding=\"async\" width=\"640\" height=\"807\" src=\"https:\/\/www.arqis.com\/wp-content\/uploads\/2021\/04\/ph_Neudfeld_22Feb2021_7204297_prv-scaled-aspect-ratio-357-450-3-1218x1536-1-812x1024.png\" class=\"filter-none\" alt=\"\" srcset=\"https:\/\/www.arqis.com\/wp-content\/uploads\/2021\/04\/ph_Neudfeld_22Feb2021_7204297_prv-scaled-aspect-ratio-357-450-3-1218x1536-1-812x1024.png 812w, https:\/\/www.arqis.com\/wp-content\/uploads\/2021\/04\/ph_Neudfeld_22Feb2021_7204297_prv-scaled-aspect-ratio-357-450-3-1218x1536-1-238x300.png 238w, https:\/\/www.arqis.com\/wp-content\/uploads\/2021\/04\/ph_Neudfeld_22Feb2021_7204297_prv-scaled-aspect-ratio-357-450-3-1218x1536-1-768x969.png 768w, https:\/\/www.arqis.com\/wp-content\/uploads\/2021\/04\/ph_Neudfeld_22Feb2021_7204297_prv-scaled-aspect-ratio-357-450-3-1218x1536-1.png 1218w\" sizes=\"auto, (max-width: 640px) 100vw, 640px\" \/>                    <\/div>\n                            <\/div>\n        <\/div>\n    <\/section>\n<\/div>\n\n<div id=\"txt03-block_59105f5b036c98cb3d9f3c6db54def83\" class=\"txt03 toc zierelement- acf\/txt03\"  data-toctitle=\"Leistungsportfolio\">\n    <section>\n        <div class=\"container position-relative\">\n\n            <div class=\"row scrollreveal\">\n                <div class=\"col-12 col-lg-8 offset-lg-1\">\n                                            <div class=\"topline\">\n                            Service portfolio                        <\/div>\n                                        <h3 class=\"p1\">Complex, data-related legal issues \u2013 competently solved:<\/h3>\n<ul>\n<li class=\"p1\"><strong>Corporate digital responsibility<\/strong><br \/>\nWe develop CDR strategies and translate them into operational measures that are geared to currently effective legal standards.<\/li>\n<li class=\"p1\"><strong>Risk assessments &amp; audits<\/strong><br \/>\nWe support our clients in the process of analysing, assessing and minimising digital ethics risks.<\/li>\n<li class=\"p1\"><strong>Coaching &amp; training<\/strong><br \/>\nWe provide certified training courses, as well as targeted workshops and coaching, to help our clients assume digital responsibility.<\/li>\n<li class=\"p1\"><strong>Compliance &amp; data privacy<\/strong><br \/>\nWe support companies in assuming digital responsibility and in the early adoption of digital ethics governance and compliance.<\/li>\n<\/ul>\n                <\/div>\n            <\/div>\n        <\/div>\n    <\/section>\n<\/div>\n\n<div id=\"cta07-block_6b017fecfb88ad818ed0df1bd24a6684\" class=\"cta07 toc acf\/cta07\"  data-toctitle=\"Kontakt\">\n    <section class=\"scrollreveal\">\n        <div class=\"container\">\n            <div class=\"row\">\n                <div class=\"col-12 col-md-7\">\n                                            <h2 class=\"title hyphens\">How can we support you?<\/h2>\n                                        <div class=\"cta-description\">\n                        <p>If you have any questions about digital ethics, please feel free to mail us.<\/p>\n                    <\/div>\n                <\/div>\n                <div class=\"col-12 col-md-5 cta-align-down\">\n                                            <a href=\"mailto:techlaw@arqis.com\"  class=\"button button--ghost\">Contact us<\/a>                                    <\/div>\n            <\/div>\n        <\/div>\n    <\/section>\n<\/div>","protected":false},"template":"","class_list":["post-2912","subgruppen","type-subgruppen","status-publish","hentry"],"acf":[],"yoast_head":"<!-- This site is optimized with the Yoast SEO plugin v27.5 - https:\/\/yoast.com\/product\/yoast-seo-wordpress\/ -->\n<title>Digitale Ethik - ARQIS<\/title>\n<meta name=\"description\" content=\"Vieles, was technisch m\u00f6glich ist, ist rechtlich noch nicht gekl\u00e4rt oder gesellschaftlich m\u00f6glicherweise nicht erstrebenswert.\" \/>\n<meta name=\"robots\" content=\"index, follow, max-snippet:-1, max-image-preview:large, max-video-preview:-1\" \/>\n<link rel=\"canonical\" href=\"https:\/\/www.arqis.com\/en\/subgroups\/digital-ethic\/\" \/>\n<meta property=\"og:locale\" content=\"en_US\" \/>\n<meta property=\"og:type\" content=\"article\" \/>\n<meta property=\"og:title\" content=\"Digitale Ethik - ARQIS\" \/>\n<meta property=\"og:description\" content=\"Vieles, was technisch m\u00f6glich ist, ist rechtlich noch nicht gekl\u00e4rt oder gesellschaftlich m\u00f6glicherweise nicht erstrebenswert.\" \/>\n<meta property=\"og:url\" content=\"https:\/\/www.arqis.com\/en\/subgroups\/digital-ethic\/\" \/>\n<meta property=\"og:site_name\" content=\"ARQIS\" \/>\n<meta property=\"article:modified_time\" content=\"2026-02-09T10:22:16+00:00\" \/>\n<meta property=\"og:image\" content=\"https:\/\/www.arqis.com\/wp-content\/uploads\/2021\/03\/datalaw_motive-scaled.jpg\" \/>\n\t<meta property=\"og:image:width\" content=\"2048\" \/>\n\t<meta property=\"og:image:height\" content=\"1536\" \/>\n\t<meta property=\"og:image:type\" content=\"image\/jpeg\" \/>\n<meta name=\"twitter:card\" content=\"summary_large_image\" \/>\n<meta name=\"twitter:label1\" content=\"Est. reading time\" \/>\n\t<meta name=\"twitter:data1\" content=\"2 minutes\" \/>\n<script type=\"application\/ld+json\" class=\"yoast-schema-graph\">{\"@context\":\"https:\\\/\\\/schema.org\",\"@graph\":[{\"@type\":\"WebPage\",\"@id\":\"https:\\\/\\\/www.arqis.com\\\/subgruppen\\\/digitale-ethik\\\/\",\"url\":\"https:\\\/\\\/www.arqis.com\\\/subgruppen\\\/digitale-ethik\\\/\",\"name\":\"Digitale Ethik - ARQIS\",\"isPartOf\":{\"@id\":\"https:\\\/\\\/www.arqis.com\\\/#website\"},\"datePublished\":\"2021-03-22T09:40:47+00:00\",\"dateModified\":\"2026-02-09T10:22:16+00:00\",\"description\":\"Vieles, was technisch m\u00f6glich ist, ist rechtlich noch nicht gekl\u00e4rt oder gesellschaftlich m\u00f6glicherweise nicht erstrebenswert.\",\"breadcrumb\":{\"@id\":\"https:\\\/\\\/www.arqis.com\\\/subgruppen\\\/digitale-ethik\\\/#breadcrumb\"},\"inLanguage\":\"en-US\",\"potentialAction\":[{\"@type\":\"ReadAction\",\"target\":[\"https:\\\/\\\/www.arqis.com\\\/subgruppen\\\/digitale-ethik\\\/\"]}]},{\"@type\":\"BreadcrumbList\",\"@id\":\"https:\\\/\\\/www.arqis.com\\\/subgruppen\\\/digitale-ethik\\\/#breadcrumb\",\"itemListElement\":[{\"@type\":\"ListItem\",\"position\":1,\"name\":\"Home\",\"item\":\"https:\\\/\\\/www.arqis.com\\\/\"},{\"@type\":\"ListItem\",\"position\":2,\"name\":\"Digitale Ethik\"}]},{\"@type\":\"WebSite\",\"@id\":\"https:\\\/\\\/www.arqis.com\\\/#website\",\"url\":\"https:\\\/\\\/www.arqis.com\\\/\",\"name\":\"ARQIS\",\"description\":\"Law\",\"potentialAction\":[{\"@type\":\"SearchAction\",\"target\":{\"@type\":\"EntryPoint\",\"urlTemplate\":\"https:\\\/\\\/www.arqis.com\\\/?s={search_term_string}\"},\"query-input\":{\"@type\":\"PropertyValueSpecification\",\"valueRequired\":true,\"valueName\":\"search_term_string\"}}],\"inLanguage\":\"en-US\"}]}<\/script>\n<!-- \/ Yoast SEO plugin. -->","yoast_head_json":{"title":"Digital ethics - ARQIS","description":"Many things that are technically possible are not yet legally regulated or socially acceptable. We advise.","robots":{"index":"index","follow":"follow","max-snippet":"max-snippet:-1","max-image-preview":"max-image-preview:large","max-video-preview":"max-video-preview:-1"},"canonical":"https:\/\/www.arqis.com\/en\/subgroups\/digital-ethic\/","og_locale":"en_US","og_type":"article","og_title":"Digitale Ethik - ARQIS","og_description":"Vieles, was technisch m\u00f6glich ist, ist rechtlich noch nicht gekl\u00e4rt oder gesellschaftlich m\u00f6glicherweise nicht erstrebenswert.","og_url":"https:\/\/www.arqis.com\/en\/subgroups\/digital-ethic\/","og_site_name":"ARQIS","article_modified_time":"2026-02-09T10:22:16+00:00","og_image":[{"width":2048,"height":1536,"url":"https:\/\/www.arqis.com\/wp-content\/uploads\/2021\/03\/datalaw_motive-scaled.jpg","type":"image\/jpeg"}],"twitter_card":"summary_large_image","twitter_misc":{"Est. reading time":"2 minutes"},"schema":{"@context":"https:\/\/schema.org","@graph":[{"@type":"WebPage","@id":"https:\/\/www.arqis.com\/subgruppen\/digitale-ethik\/","url":"https:\/\/www.arqis.com\/subgruppen\/digitale-ethik\/","name":"Digital ethics - ARQIS","isPartOf":{"@id":"https:\/\/www.arqis.com\/#website"},"datePublished":"2021-03-22T09:40:47+00:00","dateModified":"2026-02-09T10:22:16+00:00","description":"Many things that are technically possible are not yet legally regulated or socially acceptable. We advise.","breadcrumb":{"@id":"https:\/\/www.arqis.com\/subgruppen\/digitale-ethik\/#breadcrumb"},"inLanguage":"en-US","potentialAction":[{"@type":"ReadAction","target":["https:\/\/www.arqis.com\/subgruppen\/digitale-ethik\/"]}]},{"@type":"BreadcrumbList","@id":"https:\/\/www.arqis.com\/subgruppen\/digitale-ethik\/#breadcrumb","itemListElement":[{"@type":"ListItem","position":1,"name":"Home","item":"https:\/\/www.arqis.com\/"},{"@type":"ListItem","position":2,"name":"Digitale Ethik"}]},{"@type":"WebSite","@id":"https:\/\/www.arqis.com\/#website","url":"https:\/\/www.arqis.com\/","name":"ARQIS","description":"Law","potentialAction":[{"@type":"SearchAction","target":{"@type":"EntryPoint","urlTemplate":"https:\/\/www.arqis.com\/?s={search_term_string}"},"query-input":{"@type":"PropertyValueSpecification","valueRequired":true,"valueName":"search_term_string"}}],"inLanguage":"en-US"}]}},"_links":{"self":[{"href":"https:\/\/www.arqis.com\/en\/wp-json\/wp\/v2\/subgruppen\/2912","targetHints":{"allow":["GET"]}}],"collection":[{"href":"https:\/\/www.arqis.com\/en\/wp-json\/wp\/v2\/subgruppen"}],"about":[{"href":"https:\/\/www.arqis.com\/en\/wp-json\/wp\/v2\/types\/subgruppen"}],"wp:attachment":[{"href":"https:\/\/www.arqis.com\/en\/wp-json\/wp\/v2\/media?parent=2912"}],"curies":[{"name":"wp","href":"https:\/\/api.w.org\/{rel}","templated":true}]}}

<!-- This site is optimized with the Yoast SEO plugin v27.5 - https://yoast.com/product/yoast-seo-wordpress/ -->
<title>Digitale Ethik - ARQIS</title>
<meta name="description" content="Vieles, was technisch möglich ist, ist rechtlich noch nicht geklärt oder gesellschaftlich möglicherweise nicht erstrebenswert." />
<meta name="robots" content="index, follow, max-snippet:-1, max-image-preview:large, max-video-preview:-1" />
<link rel="canonical" href="https://www.arqis.com/en/subgroups/digital-ethic/" />
<meta property="og:locale" content="en_US" />
<meta property="og:type" content="article" />
<meta property="og:title" content="Digitale Ethik - ARQIS" />
<meta property="og:description" content="Vieles, was technisch möglich ist, ist rechtlich noch nicht geklärt oder gesellschaftlich möglicherweise nicht erstrebenswert." />
<meta property="og:url" content="https://www.arqis.com/en/subgroups/digital-ethic/" />
<meta property="og:site_name" content="ARQIS" />
<meta property="article:modified_time" content="2026-02-09T10:22:16+00:00" />
<meta property="og:image" content="https://www.arqis.com/wp-content/uploads/2021/03/datalaw_motive-scaled.jpg" />
	<meta property="og:image:width" content="2048" />
	<meta property="og:image:height" content="1536" />
	<meta property="og:image:type" content="image/jpeg" />
<meta name="twitter:card" content="summary_large_image" />
<meta name="twitter:label1" content="Est. reading time" />
	<meta name="twitter:data1" content="2 minutes" />
<script type="application/ld+json" class="yoast-schema-graph">{"@context":"https:\/\/schema.org","@graph":[{"@type":"WebPage","@id":"https:\/\/www.arqis.com\/subgruppen\/digitale-ethik\/","url":"https:\/\/www.arqis.com\/subgruppen\/digitale-ethik\/","name":"Digitale Ethik - ARQIS","isPartOf":{"@id":"https:\/\/www.arqis.com\/#website"},"datePublished":"2021-03-22T09:40:47+00:00","dateModified":"2026-02-09T10:22:16+00:00","description":"Vieles, was technisch möglich ist, ist rechtlich noch nicht geklärt oder gesellschaftlich möglicherweise nicht erstrebenswert.","breadcrumb":{"@id":"https:\/\/www.arqis.com\/subgruppen\/digitale-ethik\/#breadcrumb"},"inLanguage":"en-US","potentialAction":[{"@type":"ReadAction","target":["https:\/\/www.arqis.com\/subgruppen\/digitale-ethik\/"]}]},{"@type":"BreadcrumbList","@id":"https:\/\/www.arqis.com\/subgruppen\/digitale-ethik\/#breadcrumb","itemListElement":[{"@type":"ListItem","position":1,"name":"Home","item":"https:\/\/www.arqis.com\/"},{"@type":"ListItem","position":2,"name":"Digitale Ethik"}]},{"@type":"WebSite","@id":"https:\/\/www.arqis.com\/#website","url":"https:\/\/www.arqis.com\/","name":"ARQIS","description":"Law","potentialAction":[{"@type":"SearchAction","target":{"@type":"EntryPoint","urlTemplate":"https:\/\/www.arqis.com\/?s={search_term_string}"},"query-input":{"@type":"PropertyValueSpecification","valueRequired":true,"valueName":"search_term_string"}}],"inLanguage":"en-US"}]}</script>
<!-- / Yoast SEO plugin. -->

Vieles, was technisch möglich ist, ist rechtlich noch nicht geklärt oder gesellschaftlich möglicherweise nicht erstrebenswert.
